{"id":3,"date":"2023-02-28T16:29:14","date_gmt":"2023-02-28T16:29:14","guid":{"rendered":"http:\/\/veflinge.com\/?page_id=3"},"modified":"2023-03-01T12:42:08","modified_gmt":"2023-03-01T12:42:08","slug":"privacy-policy","status":"publish","type":"page","link":"https:\/\/veflinge.com\/index.php\/privacy-policy\/","title":{"rendered":"Privatlivspolitik"},"content":{"rendered":"\n<p>Dette omfattende nuv\u00e6rende og tidligere kunder hos Veflinge Maskinfabrik.<\/p>\n\n\n\n<h2 class=\"wp-block-heading\">1.&nbsp;&nbsp; Baggrund for beskyttelse af privatlivet<\/h2>\n\n\n\n<p>Vi tager behandlingen af dine persondata alvorligt, og derfor vil vi sikre en rimelig og gennemsigtig databehandling. I denne procedure forklarer vi, hvordan vi behandler dine personoplysninger og sikre, at dine personoplysninger behandles i overensstemmelse med persondatalovgivningen.<\/p>\n\n\n\n<p>Vi giver de personer, som vi behandler oplysninger og informationer om, vores databehandleraftale og fort\u00e6ller om de rettigheder, du har, n\u00e5r du er registreret hos os.<\/p>\n\n\n\n<h2 class=\"wp-block-heading\">2.&nbsp;&nbsp; Hvem vi er \u2013 og hvordan du kan kontakte os:<\/h2>\n\n\n\n<p>Veflinge Maskinfabrik<br>Jomfrul\u00f8kken 11<br>8930 Randers N\u00d8<\/p>\n\n\n\n<p>CVR-nr.: 13694834<\/p>\n\n\n\n<p>Tlf.: 64801175<\/p>\n\n\n\n<p>E-mail:\u00a0<a href=\"mailto:info@veflinge.com\" title=\"\">info@veflinge.com<\/a><br>Web:\u00a0<a href=\"http:\/\/www.\" target=\"_blank\" rel=\"noopener\" title=\"www.veflinge.com\">www.veflinge.com<\/a><\/p>\n\n\n\n<p>Veflinge Maskinfabrik er en del af <a href=\"http:\/\/www.danish-tool.com\" target=\"_blank\" rel=\"noopener\" title=\"Danish Tool Productions ApS\">Danish Tool Productions ApS<\/a> som er et selskab under <a href=\"http:\/\/www.mostrup.net\" target=\"_blank\" rel=\"noopener\" title=\"Mostrup Holding ApS\">Mostrup Holding ApS<\/a>.<\/p>\n\n\n\n<h2 class=\"wp-block-heading\">3.&nbsp;&nbsp; Kontakt vedr\u00f8rende databeskyttelse<\/h2>\n\n\n\n<p>Hvis du har sp\u00f8rgsm\u00e5l om vores behandling af dine oplysninger, er du altid velkommen til at kontakte os p\u00e5 e-mail eller telefon.<\/p>\n\n\n\n<p>Husk, at almindelig e-mail ikke er en sikker kommunikation. Skriv ikke noget i din e-mail, som er privat eller f\u00f8lsomt, eller som du i \u00f8vrigt synes skal beskyttes.<\/p>\n\n\n\n<p>De oplysninger, som vi behandler om dig, omfatter almindelige personoplysninger, herunder:<\/p>\n\n\n\n<ul class=\"wp-block-list\">\n<li>Navn, adresse, telefonnummer og e-mail<\/li>\n\n\n\n<li>K\u00f8bshistorik<\/li>\n\n\n\n<li>Betalingshistorik<\/li>\n\n\n\n<li>Oplysninger, der indg\u00e5r i vores f\u00e6lles korrespondance herunder eventuelt tegningsmateriale<\/li>\n\n\n\n<li>CVR-nummer<\/li>\n<\/ul>\n\n\n\n<h2 class=\"wp-block-heading\">4.&nbsp;&nbsp; Form\u00e5l og retsgrundlag<\/h2>\n\n\n\n<p>Vores databehandling har f\u00f8lgende form\u00e5l:<\/p>\n\n\n\n<ul class=\"wp-block-list\">\n<li>Administration og vedligeholdelse af kundeforholdet<\/li>\n\n\n\n<li>Statistiske form\u00e5l: Der foretages analyser og rapportering p\u00e5 de generelle kundeoplysninger, der indsamles.<\/li>\n\n\n\n<li>Retsgrundlaget for vores behandling af personoplysninger er:<\/li>\n\n\n\n<li>Ved behandling af personoplysninger i forbindelse med gennemf\u00f8relse af dine bestillinger og k\u00f8b, herunder bl.a. levering og betaling, er retsgrundlaget for vores registrering af oplysningerne databeskyttelseslovens \u00a7 6, stk. 1, jf. databeskyttelsesforordningens artikel 6, stk. 1, litra b, om behandlinger, som er n\u00f8dvendige for at indg\u00e5 en kontrakt og for udf\u00f8relsen af kontrakten.<\/li>\n\n\n\n<li>N\u00e5r vi registrerer oplysninger, som er kr\u00e6vet efter bogf\u00f8ringsloven er retsgrundlaget databeskyttelseslovens \u00a7 6, stk. 1, jf. databeskyttelsesforordningens artikel 6, stk. 1, litra c, om behandling, som er n\u00f8dvendig for at overholde en retlig forpligtelse, som p\u00e5hviler den dataansvarlige.<\/li>\n\n\n\n<li>Retsgrundlaget for vores indsamling og registrering af de \u00f8vrige personoplysninger er databeskyttelseslovens \u00a7 6, stk. 1, jf. databeskyttelsesforordningens artikel 6, stk. 1, litra f, om behandlinger, som er n\u00f8dvendige for en legitim interesse, der ikke overstiges af hensynet til de registrerede.<\/li>\n\n\n\n<li>Videregivelse af oplysninger om dig vil kunne ske under iagttagelse af behandlingsreglerne i databeskyttelseslovgivningen og anden dansk lovgivning. Vi vil i hvert enkelt tilf\u00e6lde vurderer, om videregivelsen kr\u00e6ver dit udtrykkelige samtykke, eller om videregivelsen kan ske p\u00e5 andet retsgrundlag.<\/li>\n\n\n\n<li>Hvis vi videregiver generelle kundeoplysninger til andre virksomheder med henblik p\u00e5 markedsf\u00f8ring, vil vi iagttage lovgivningens krav om de s\u00e6rlige procedurer, der skal f\u00f8lges, herunder at du f\u00e5r mulighed for at g\u00f8re indsigelse.<\/li>\n\n\n\n<li>Vores videregivelse vil ske i henhold til betingelserne i databeskyttelsesforordningens artikel 6, stk. 1, litra f, om behandlinger, som er n\u00f8dvendige for en legitim interesse, der ikke overstiges af hensynet til de registrerede. kunder den bedste service og gode tilbud.<\/li>\n\n\n\n<li>Statistik. Retsgrundlaget for databehandlinger udelukkende i statistisk og videnskabeligt \u00f8jemed er databeskyttelseslovens \u00a7 6, stk. 1, jf. databeskyttelsesforordningens artikel 6, stk. 1, litra e, om behandlinger, som er n\u00f8dvendige af hensyn til udf\u00f8relse af en opgave i samfundets interesse. Kun oplysninger, som er n\u00f8dvendige for unders\u00f8gelsen anvendes, og oplysningerne anvendes ikke til andre form\u00e5l end ren statistik.<\/li>\n<\/ul>\n\n\n\n<h2 class=\"wp-block-heading\">5.&nbsp;&nbsp; Kategorier af modtagere<\/h2>\n\n\n\n<p>Vi videregiver personoplysninger til f\u00f8lgende kategorier af modtagere:<\/p>\n\n\n\n<ul class=\"wp-block-list\">\n<li>Bankforbindelser i forbindelse med administration af betalinger<\/li>\n\n\n\n<li>Inkasso og\/eller advokat ved misligholdelse af betalingsforpligtelser<\/li>\n\n\n\n<li>Skattemyndigheder og andre myndigheder i forbindelse med lovpligtige indberetninger<\/li>\n<\/ul>\n\n\n\n<h2 class=\"wp-block-heading\">6.&nbsp;&nbsp; Vores databehandler p\u00e5 grundlag af databehandleraftaler<\/h2>\n\n\n\n<p>Andre tredjeparter i form af eksterne leverand\u00f8rer, samarbejdspartnere og brancheforeninger i det omfang, at det er n\u00f8dvendigt og relevant for levering af en ydelse.<\/p>\n\n\n\n<h2 class=\"wp-block-heading\">7.&nbsp;&nbsp; Sletning<\/h2>\n\n\n\n<p>Vi sletter oplysningerne om dig, n\u00e5r de ikke l\u00e6ngere er n\u00f8dvendige i forbindelse med kunde\/leverand\u00f8rforhold. Veflinge Maskinfabrik f\u00f8lger generelt den opbevaringsfrist, der g\u00e6lder efter bogf\u00f8ringsloven. Oplysninger, som har til form\u00e5l at sikre korrekt h\u00e5ndtering af tilbagevendende kundeforhold, potentielle reklamationssager og garantiforpligtelser og for at kunne leve op til vores forpligtelser i forbindelse med st\u00f8rre projekter, opbevares s\u00e5 l\u00e6nge, de er relevante for Veflinge Maskinfabrik.<\/p>\n\n\n\n<h2 class=\"wp-block-heading\">8.&nbsp;&nbsp; Dine rettigheder<\/h2>\n\n\n\n<p>Du har efter lovgivningen en r\u00e6kke rettigheder i forhold til vores behandling af oplysninger om dig. Du kan g\u00f8re brug af dine persondatarettigheder ved at henvende dig til os. Vores kontaktoplysninger finder du \u00f8verst i denne politik.<\/p>\n\n\n\n<p>N\u00e5r du har anmodet om at f\u00e5 adgang til oplysninger om dig, at f\u00e5 dem rettet eller slettet, eller hvis du har gjort indsigelse mod vores databehandling, unders\u00f8ger vi, om det er muligt at im\u00f8dekomme dit \u00f8nske. Vi giver dig svar p\u00e5 din henvendelse s\u00e5 hurtigt som muligt og senest en m\u00e5ned efter, at vi har modtaget din henvendelse.<\/p>\n\n\n\n<p>Dine rettigheder:<\/p>\n\n\n\n<ul class=\"wp-block-list\">\n<li>Ret til at se oplysninger (indsigtsret). Du har ret til at f\u00e5 indsigt i de oplysninger, som vi behandler om dig<\/li>\n\n\n\n<li>Ret til berigtigelse (rettelse)<\/li>\n<\/ul>\n\n\n\n<p>Hvis du mener, at de persondata, vi behandler om dig, er un\u00f8jagtige, har du ret til at f\u00e5 dem rettet. Du skal henvende dig til os og oplyse om, hvori un\u00f8jagtighederne best\u00e5r, og hvordan de kan rettes. Vi skal i alle tilf\u00e6lde tage stilling til, om vi mener din anmodning er berettiget. N\u00e5r du henvender dig med en anmodning om at f\u00e5 rettet eller slettet dine persondata, unders\u00f8ger vi, om betingelserne er opfyldt, og gennemf\u00f8rer i s\u00e5 fald \u00e6ndringer eller sletning s\u00e5 hurtigt som muligt.<\/p>\n\n\n\n<h2 class=\"wp-block-heading\">9.&nbsp;&nbsp; Ret til sletning<\/h2>\n\n\n\n<p>Vi sletter generelt persondata, n\u00e5r de ikke l\u00e6ngere er n\u00f8dvendige. I s\u00e6rlige tilf\u00e6lde har du ret til at f\u00e5 specifikke oplysninger om dig slettet, inden tidspunktet for vores almindelige generelle sletning indtr\u00e6ffer. Det g\u00e6lder fx., hvis du tr\u00e6kker dit samtykke tilbage, og vi ikke har et andet grundlag for at behandle oplysningerne. Hvis du mener, at dine data ikke l\u00e6ngere er n\u00f8dvendige i forhold til det form\u00e5l, som vi indhentede dem til, kan du bede om at f\u00e5 dem slettet. Du kan ogs\u00e5 kontakte os, hvis du mener, at dine persondata bliver behandlet i strid med lovgivningen eller andre retlige forpligtelser.<\/p>\n\n\n\n<h2 class=\"wp-block-heading\">10.   Ret til begr\u00e6nsning af behandling<\/h2>\n\n\n\n<p>Hvis du bestrider oplysninger, som vi har registreret eller p\u00e5 anden vis behandler, kan du anmode os om at begr\u00e6nse behandlingen af oplysningerne, indtil vi har haft mulighed for at fastsl\u00e5, om oplysningerne er korrekte. Du kan ogs\u00e5 anmode om begr\u00e6nsning i stedet for sletning, hvis du mener vores behandling af oplysningerne er ulovlig, eller hvis du mener, vi ikke l\u00e6ngere har brug for oplysningerne, eller hvis du mener, dine legitime interesser g\u00e5r forud for den dataansvarliges legitime interesser. Hvis du f\u00e5r medhold i, at vores behandling skal begr\u00e6nses, m\u00e5 vi fremover kun behandle oplysningerne med dit samtykke, eller med henblik p\u00e5 at retskrav kan fastl\u00e6gges, g\u00f8res g\u00e6ldende eller forsvares, eller for at beskytte en person eller vigtige samfundsinteresser.<\/p>\n\n\n\n<h2 class=\"wp-block-heading\">11.   Ret til at transmittere oplysninger (dataportabilitet)<\/h2>\n\n\n\n<p>Du har ret til at modtage persondata, du har stillet til r\u00e5dighed for os, og dem, vi har indhentet om dig hos andre akt\u00f8rer p\u00e5 baggrund af dit samtykke. Hvis vi behandler data om dig som led i en kontrakt, hvor du er part, kan du ogs\u00e5 f\u00e5 tilsendt dine data. Du har ogs\u00e5 ret til at overf\u00f8re disse persondata til en anden tjenesteudbyder. Hvis du \u00f8nsker at bruge din ret til dataportabilitet, vil du modtage dine persondata fra os i et almindeligt anvendt og maskinl\u00e6sbart format.<\/p>\n\n\n\n<h2 class=\"wp-block-heading\">12.   Ret til indsigelse<\/h2>\n\n\n\n<p>Du har ret til at g\u00f8re indsigelse mod vores behandling af oplysninger om dig. Du kan ogs\u00e5 g\u00f8re indsigelse mod vores videregivelse af dine data til markedsf\u00f8ringsform\u00e5l. Du kan bruge kontaktoplysningerne \u00f8verst til at sende en indsigelse. Hvis din indsigelse er berettiget, s\u00f8rger vi for at oph\u00f8re med behandlingen af oplysningerne.<\/p>\n\n\n\n<h2 class=\"wp-block-heading\">13.   Ret til at f\u00e5 information om nye form\u00e5l<\/h2>\n\n\n\n<p>Hvis vi \u00f8nsker at bruge oplysninger om dig til et andet form\u00e5l, end de form\u00e5l, som vi tidligere har oplyst over for dig, fx. i denne privatlivspolitik, har du ret til at f\u00e5 information herom, inden vi viderebehandler oplysningerne til det andet form\u00e5l.<\/p>\n\n\n\n<h2 class=\"wp-block-heading\">14.   Ret til at tr\u00e6kke dit samtykke tilbage<\/h2>\n\n\n\n<p>Hvis vores behandling af dine oplysninger sker p\u00e5 grundlag af dit samtykke, kan du til enhver tid tr\u00e6kke samtykket tilbage. Hvis du tilbagekalder samtykket, m\u00e5 vi fremover ikke l\u00e6ngere behandle oplysningerne. Tilbagekaldelse af samtykke p\u00e5virker ikke lovligheden af den behandling, der er baseret p\u00e5 samtykke inden tilbagekaldelsen. Hvis vi har et andet lovligt grundlag for behandling end samtykke med et selvst\u00e6ndigt form\u00e5l<\/p>\n\n\n\n<ul class=\"wp-block-list\">\n<li>eksempelvis opbevaring af oplysninger af hensyn til overholdelse af reglerne om bogf\u00f8ring \u2013 vil denne behandling fortsat kunne finde sted.<\/li>\n<\/ul>\n\n\n\n<p>Hvis du ikke er tilfreds med vores svar, har du mulighed for at klage til Datatilsynet. Det g\u00e6lder generelt, at hvis du er utilfreds med den m\u00e5de, dine personlige oplysninger er blevet behandlet p\u00e5, kan du klage til Datatilsynet, som derefter unders\u00f8ger sagen og tr\u00e6ffer en afg\u00f8relse.<\/p>\n\n\n\n<p>Du finder Datatilsynets kontaktoplysninger p\u00e5 <a href=\"http:\/\/www.datatilsynet.dk\" target=\"_blank\" rel=\"noopener\" title=\"www.datatilsynet.dk\">www.datatilsynet.dk<\/a>.<\/p>\n\n\n\n<p>NB! Du kan skrive til Datatilsynet via Digital Post p\u00e5<a href=\"http:\/\/borger.dk\" target=\"_blank\" rel=\"noopener\" title=\" Borger.dk\"> Borger.dk<\/a>, hvor fremsendelsen af din henvendelse sker sikkert (krypteret). Vi anbefaler, at du bruger Digital Post, hvis din henvendelse indeholder fortrolige eller f\u00f8lsomme personoplysninger.<\/p>\n","protected":false},"excerpt":{"rendered":"<p>Dette omfattende nuv\u00e6rende og tidligere kunder hos Veflinge Maskinfabrik. 1.&nbsp;&nbsp; Baggrund for beskyttelse af privatlivet<\/p>\n","protected":false},"author":1,"featured_media":0,"parent":0,"menu_order":0,"comment_status":"closed","ping_status":"open","template":"","meta":{"footnotes":""},"class_list":["post-3","page","type-page","status-publish","hentry"],"aioseo_notices":[],"_links":{"self":[{"href":"https:\/\/veflinge.com\/index.php\/wp-json\/wp\/v2\/pages\/3","targetHints":{"allow":["GET"]}}],"collection":[{"href":"https:\/\/veflinge.com\/index.php\/wp-json\/wp\/v2\/pages"}],"about":[{"href":"https:\/\/veflinge.com\/index.php\/wp-json\/wp\/v2\/types\/page"}],"author":[{"embeddable":true,"href":"https:\/\/veflinge.com\/index.php\/wp-json\/wp\/v2\/users\/1"}],"replies":[{"embeddable":true,"href":"https:\/\/veflinge.com\/index.php\/wp-json\/wp\/v2\/comments?post=3"}],"version-history":[{"count":2,"href":"https:\/\/veflinge.com\/index.php\/wp-json\/wp\/v2\/pages\/3\/revisions"}],"predecessor-version":[{"id":26,"href":"https:\/\/veflinge.com\/index.php\/wp-json\/wp\/v2\/pages\/3\/revisions\/26"}],"wp:attachment":[{"href":"https:\/\/veflinge.com\/index.php\/wp-json\/wp\/v2\/media?parent=3"}],"curies":[{"name":"wp","href":"https:\/\/api.w.org\/{rel}","templated":true}]}}